{"id":1593,"date":"2021-01-18T22:07:01","date_gmt":"2021-01-18T20:07:01","guid":{"rendered":"http:\/\/associationdespsychologuesducher.org\/?page_id=1593"},"modified":"2021-01-18T23:33:59","modified_gmt":"2021-01-18T21:33:59","slug":"annuaire-20","status":"publish","type":"page","link":"https:\/\/associationdespsychologuesducher.org\/?page_id=1593","title":{"rendered":"Annuaire"},"content":{"rendered":"\n<p class=\"has-text-align-center\">Annuaire d\u00e9partemental des psychologues adh\u00e9rents de notre association<\/p>\n\n\n\n<p style=\"background-color:#fff3e0\" class=\"has-background\"><em><strong>Pr\u00e9ambule<\/strong> : La mise en ligne des noms et adresses est soumise \u00e0 autorisation \u00e9crite des professionnels qui sont adh\u00e9rents \u00e0 l&rsquo;association des psychologues du Cher. Tout changement de la part des int\u00e9ress\u00e9s peut \u00eatre communiqu\u00e9 \u00e0 l&rsquo;association : <a href=\"mailto:psychologues18@hotmail.fr\">psychologues18@hotmail.fr<\/a> <\/em><\/p>\n\n\n\n<div class=\"wp-block-buttons aligncenter is-layout-flex wp-block-buttons-is-layout-flex\">\n<div class=\"wp-block-button is-style-fill\"><a class=\"wp-block-button__link has-text-color has-white-color has-background has-blue-background-color\" href=\"http:\/\/associationdespsychologuesducher.org\/?page_id=1597\">Secteur lib\u00e9ral<\/a><\/div>\n\n\n\n<div class=\"wp-block-button\"><a class=\"wp-block-button__link has-text-color has-white-color has-background has-blue-background-color\" href=\"http:\/\/associationdespsychologuesducher.org\/?page_id=1611\">Secteur enfants et adolescents<\/a><\/div>\n\n\n\n<div class=\"wp-block-button\"><a class=\"wp-block-button__link has-text-color has-white-color has-background has-blue-background-color\" href=\"http:\/\/associationdespsychologuesducher.org\/?page_id=1621\">Secteur adultes et personnes \u00e2g\u00e9es<\/a><\/div>\n\n\n\n<div class=\"wp-block-button\"><a class=\"wp-block-button__link has-text-color has-white-color has-background has-blue-background-color\" href=\"http:\/\/associationdespsychologuesducher.org\/?page_id=1626\">Secteur Travail Sant\u00e9 et Social<\/a><\/div>\n<\/div>\n\n\n\n<p><\/p>\n","protected":false},"excerpt":{"rendered":"<p>Annuaire d\u00e9partemental des psychologues adh\u00e9rents de notre association<\/p>\n","protected":false},"author":2,"featured_media":0,"parent":0,"menu_order":0,"comment_status":"closed","ping_status":"closed","template":"","meta":{"footnotes":""},"class_list":["post-1593","page","type-page","status-publish","hentry"],"_links":{"self":[{"href":"https:\/\/associationdespsychologuesducher.org\/index.php?rest_route=\/wp\/v2\/pages\/1593","targetHints":{"allow":["GET"]}}],"collection":[{"href":"https:\/\/associationdespsychologuesducher.org\/index.php?rest_route=\/wp\/v2\/pages"}],"about":[{"href":"https:\/\/associationdespsychologuesducher.org\/index.php?rest_route=\/wp\/v2\/types\/page"}],"author":[{"embeddable":true,"href":"https:\/\/associationdespsychologuesducher.org\/index.php?rest_route=\/wp\/v2\/users\/2"}],"replies":[{"embeddable":true,"href":"https:\/\/associationdespsychologuesducher.org\/index.php?rest_route=%2Fwp%2Fv2%2Fcomments&post=1593"}],"version-history":[{"count":7,"href":"https:\/\/associationdespsychologuesducher.org\/index.php?rest_route=\/wp\/v2\/pages\/1593\/revisions"}],"predecessor-version":[{"id":1632,"href":"https:\/\/associationdespsychologuesducher.org\/index.php?rest_route=\/wp\/v2\/pages\/1593\/revisions\/1632"}],"wp:attachment":[{"href":"https:\/\/associationdespsychologuesducher.org\/index.php?rest_route=%2Fwp%2Fv2%2Fmedia&parent=1593"}],"curies":[{"name":"wp","href":"https:\/\/api.w.org\/{rel}","templated":true}]}}