{"id":1458,"date":"2020-04-22T07:53:54","date_gmt":"2020-04-22T05:53:54","guid":{"rendered":"http:\/\/associationdespsychologuesducher.org\/?page_id=1458"},"modified":"2022-11-14T16:46:07","modified_gmt":"2022-11-14T14:46:07","slug":"groupe-de-parole-pour-psychologue","status":"publish","type":"page","link":"https:\/\/associationdespsychologuesducher.org\/?page_id=1458","title":{"rendered":"Groupe de paroles pour psychologues"},"content":{"rendered":"\n<div style=\"height:20px\" aria-hidden=\"true\" class=\"wp-block-spacer\"><\/div>\n\n\n\n<h2 class=\"has-text-color wp-block-heading\" style=\"color:#2a09fc\"><span class=\"has-inline-color has-black-color\">Conduit par :<\/span><\/h2>\n\n\n\n<p class=\"has-black-color has-text-color\">Madame <strong>Madeleine Fondras<\/strong>, psychologue clinicienne, et Madame <strong>Dorine Balmelli<\/strong>, psychologue clinicienne<\/p>\n\n\n\n<h2 class=\"has-text-color wp-block-heading\" style=\"color:#2a09fc\"><span class=\"has-inline-color has-black-color\">Lieu et horaires :<\/span><\/h2>\n\n\n\n<p><span class=\"has-inline-color has-black-color\">Chaque <strong>premier mardi du mois de 18h30 \u00e0 20h00<\/strong> au ch\u00e2teau des Gadeaux (pr\u00e8s de l&rsquo;h\u00f4pital Jacques Coeur) \u00e0 Bourges. <strong>Ce groupe res<\/strong><\/span><strong><span class=\"has-inline-color has-black-color\">te ouvert<\/span><\/strong><\/p>\n\n\n\n<h2 class=\"has-text-color wp-block-heading\" style=\"color:#2a09fc\"><span class=\"has-inline-color has-black-color\">Contact : <\/span><\/h2>\n\n\n\n<p><a href=\"mailto:psychologues18@hotmail.fr\">psychologues18@hotmail.fr<\/a> <\/p>\n\n\n\n<div style=\"height:20px\" aria-hidden=\"true\" class=\"wp-block-spacer\"><\/div>\n\n\n\n<h2 class=\"has-text-color wp-block-heading\" style=\"color:#2a09fc\"><span class=\"has-inline-color has-black-color\">Objet du groupe : <\/span><\/h2>\n\n\n\n<p><span class=\"has-inline-color has-black-color\">Ce groupe fonctionne depuis plusieurs ann\u00e9es. Il a \u00e9t\u00e9 cr\u00e9\u00e9 pour soutenir les psychologues qui se sentent isol\u00e9s dans leur pratique institutionnelle afin de les soutenir dans leur travail. Ce groupe s\u2019inspire du groupe Balint. Il s\u2019appuie sur le partage d\u2019exp\u00e9riences. Sont abord\u00e9s :<\/span><\/p>\n\n\n\n<ul class=\"wp-block-list\"><li><span class=\"has-inline-color has-black-color\">Les situations cliniques complexes : situations difficiles et travail en \u00e9quipe compliqu\u00e9<\/span><\/li><li><span class=\"has-inline-color has-black-color\">Les difficult\u00e9s avec les \u00e9quipes : l\u2019int\u00e9r\u00eat de ce travail est de favoriser la prise de recul, analyser et relativiser les situations, en prenant en compte les diff\u00e9rents cadres d\u2019exercice, interroger les cadres et la notion de secret, de confidentialit\u00e9, r\u00e9fl\u00e9chir \u00e0 la distance et \u00e0 la proximit\u00e9 aupr\u00e8s des \u00e9quipes, en institution plus particuli\u00e8rement.<\/span><\/li><\/ul>\n\n\n\n<p><span class=\"has-inline-color has-black-color\">Travail \u00e0 partir de la pr\u00e9sentation de cas cliniques et de questionnements quant \u00e0 la posture professionnelle. Ce sont les membres du groupe qui am\u00e8nent la r\u00e9flexion. C\u2019est le groupe ensemble qui trouve des solutions. Les rencontres sont toujours tr\u00e8s riches et vari\u00e9es. <strong>Le groupe est ouvert et souhaite accueillir de nouveaux participants.<\/strong><\/span><br \/><\/p>\n","protected":false},"excerpt":{"rendered":"<p>Conduit par : Madame Madeleine Fondras, psychologue clinicienne, et Madame Dorine Balmelli, psychologue clinicienne Lieu et horaires : Chaque premier mardi du mois de 18h30 \u00e0 20h00 au ch\u00e2teau des Gadeaux (pr\u00e8s de l&rsquo;h\u00f4pital Jacques Coeur) \u00e0 Bourges. Ce groupe &hellip; <a href=\"https:\/\/associationdespsychologuesducher.org\/?page_id=1458\">Continuer la lecture <span class=\"meta-nav\">&rarr;<\/span><\/a><\/p>\n","protected":false},"author":2,"featured_media":0,"parent":0,"menu_order":0,"comment_status":"closed","ping_status":"closed","template":"","meta":{"footnotes":""},"class_list":["post-1458","page","type-page","status-publish","hentry"],"_links":{"self":[{"href":"https:\/\/associationdespsychologuesducher.org\/index.php?rest_route=\/wp\/v2\/pages\/1458","targetHints":{"allow":["GET"]}}],"collection":[{"href":"https:\/\/associationdespsychologuesducher.org\/index.php?rest_route=\/wp\/v2\/pages"}],"about":[{"href":"https:\/\/associationdespsychologuesducher.org\/index.php?rest_route=\/wp\/v2\/types\/page"}],"author":[{"embeddable":true,"href":"https:\/\/associationdespsychologuesducher.org\/index.php?rest_route=\/wp\/v2\/users\/2"}],"replies":[{"embeddable":true,"href":"https:\/\/associationdespsychologuesducher.org\/index.php?rest_route=%2Fwp%2Fv2%2Fcomments&post=1458"}],"version-history":[{"count":14,"href":"https:\/\/associationdespsychologuesducher.org\/index.php?rest_route=\/wp\/v2\/pages\/1458\/revisions"}],"predecessor-version":[{"id":1825,"href":"https:\/\/associationdespsychologuesducher.org\/index.php?rest_route=\/wp\/v2\/pages\/1458\/revisions\/1825"}],"wp:attachment":[{"href":"https:\/\/associationdespsychologuesducher.org\/index.php?rest_route=%2Fwp%2Fv2%2Fmedia&parent=1458"}],"curies":[{"name":"wp","href":"https:\/\/api.w.org\/{rel}","templated":true}]}}