{"id":1426,"date":"2020-04-20T22:05:25","date_gmt":"2020-04-20T20:05:25","guid":{"rendered":"http:\/\/associationdespsychologuesducher.org\/?page_id=1426"},"modified":"2026-01-23T12:43:40","modified_gmt":"2026-01-23T10:43:40","slug":"devenir-adherent","status":"publish","type":"page","link":"https:\/\/associationdespsychologuesducher.org\/?page_id=1426","title":{"rendered":"Devenir Adh\u00e9rent"},"content":{"rendered":"\n<div style=\"height:39px\" aria-hidden=\"true\" class=\"wp-block-spacer\"><\/div>\n\n\n\n<p class=\"has-background\" style=\"background-color:#cce3ff\"> Seuls les <strong>psychologues titulaire d\u2019un master 2 de psychologie<\/strong> et inscrit au r\u00e9pertoire Adeli (copies des 2 pi\u00e8ces demand\u00e9es pour toute premi\u00e8re inscription) peuvent \u00eatre adh\u00e9rent de notre association.  <\/p>\n\n\n\n<p>Les adh\u00e9sions sont d\u00e9sormais sur l&rsquo;ann\u00e9e civile. En janvier, c&rsquo;est le moment de renouveler <strong>son adh\u00e9sion via le site Hello Asso<\/strong>. Les paiements s&rsquo;effectuent donc par virement. Il faudra toujours nous remettre votre num\u00e9ro adeli et votre dipl\u00f4me si c&rsquo;est votre premi\u00e8re adh\u00e9sion. Nous vous demanderons par la suite de nous donner vos coordonn\u00e9es professionnelles et r\u00e9sum\u00e9 de votre activit\u00e9 professionnelle si vous avez choisi de paraitre sur notre annuaire en ligne. <\/p>\n\n\n\n<p><strong>Vous pouvez d\u00e8s \u00e0 pr\u00e9sent adh\u00e9rer pour l&rsquo;ann\u00e9e 2026 en cliquant sur le lien ci-dessous :<\/strong><\/p>\n\n\n\n<div class=\"wp-block-buttons is-horizontal is-content-justification-center is-layout-flex wp-container-core-buttons-is-layout-499968f5 wp-block-buttons-is-layout-flex\">\n<div class=\"wp-block-button\"><a class=\"wp-block-button__link has-white-color has-blue-background-color has-text-color has-background wp-element-button\" href=\"https:\/\/www.helloasso.com\/associations\/association-des-psychologues-du-cher\/adhesions\/adhesion-2026\">Adh\u00e9rer (lien vers Hello Asso)<\/a><\/div>\n<\/div>\n\n\n\n<hr class=\"wp-block-separator has-css-opacity\"\/>\n\n\n\n<p>En tant qu&rsquo;adh\u00e9rent, les entr\u00e9es aux conf\u00e9rences organis\u00e9es par l\u2019APC sont gratuites (ou \u00e0 tarif r\u00e9duit pour des \u00e9v\u00e8nements exceptionnels). Vous pouvez aussi vous inscrire dans un de nos groupes de travail et figurer dans notre annuaire en ligne. Vous recevrez nos lettres trimestrielles pr\u00e9sentant nos prochains \u00e9v\u00e8nements, partageant les r\u00e9sum\u00e9s des conf\u00e9rences ou des fiches de lectures.<\/p>\n","protected":false},"excerpt":{"rendered":"<p>Seuls les psychologues titulaire d\u2019un master 2 de psychologie et inscrit au r\u00e9pertoire Adeli (copies des 2 pi\u00e8ces demand\u00e9es pour toute premi\u00e8re inscription) peuvent \u00eatre adh\u00e9rent de notre association. Les adh\u00e9sions sont d\u00e9sormais sur l&rsquo;ann\u00e9e civile. En janvier, c&rsquo;est le &hellip; <a href=\"https:\/\/associationdespsychologuesducher.org\/?page_id=1426\">Continuer la lecture <span class=\"meta-nav\">&rarr;<\/span><\/a><\/p>\n","protected":false},"author":2,"featured_media":0,"parent":0,"menu_order":0,"comment_status":"closed","ping_status":"closed","template":"","meta":{"footnotes":""},"class_list":["post-1426","page","type-page","status-publish","hentry"],"_links":{"self":[{"href":"https:\/\/associationdespsychologuesducher.org\/index.php?rest_route=\/wp\/v2\/pages\/1426","targetHints":{"allow":["GET"]}}],"collection":[{"href":"https:\/\/associationdespsychologuesducher.org\/index.php?rest_route=\/wp\/v2\/pages"}],"about":[{"href":"https:\/\/associationdespsychologuesducher.org\/index.php?rest_route=\/wp\/v2\/types\/page"}],"author":[{"embeddable":true,"href":"https:\/\/associationdespsychologuesducher.org\/index.php?rest_route=\/wp\/v2\/users\/2"}],"replies":[{"embeddable":true,"href":"https:\/\/associationdespsychologuesducher.org\/index.php?rest_route=%2Fwp%2Fv2%2Fcomments&post=1426"}],"version-history":[{"count":14,"href":"https:\/\/associationdespsychologuesducher.org\/index.php?rest_route=\/wp\/v2\/pages\/1426\/revisions"}],"predecessor-version":[{"id":2012,"href":"https:\/\/associationdespsychologuesducher.org\/index.php?rest_route=\/wp\/v2\/pages\/1426\/revisions\/2012"}],"wp:attachment":[{"href":"https:\/\/associationdespsychologuesducher.org\/index.php?rest_route=%2Fwp%2Fv2%2Fmedia&parent=1426"}],"curies":[{"name":"wp","href":"https:\/\/api.w.org\/{rel}","templated":true}]}}